

{"id":778,"date":"2016-02-29T17:18:53","date_gmt":"2016-02-29T16:18:53","guid":{"rendered":"http:\/\/wittelsbacher-gs.de\/?page_id=778"},"modified":"2026-01-27T15:22:59","modified_gmt":"2026-01-27T14:22:59","slug":"in-unserer-schule-wohnt-ein-wichtel","status":"publish","type":"page","link":"https:\/\/wittelsbacher-gs.de\/?page_id=778","title":{"rendered":"In unserer Schule wohnt ein Wicht!"},"content":{"rendered":"<p>Schon seit mehreren Jahren wohne ich auf dem Dachboden in dieser riesigen Schule. Es ist voll sch\u00f6n da oben, ein bisschen zugig vielleicht.<br \/>\nIch bin sehr sch\u00fcchtern und auch ziemlich klein &#8211; vielleicht so gro\u00df wie zwei \u00c4pfel, wenn ihr sie aufeinanderstellt.<br \/>\nIch liebe es, kleine W\u00fcnsche zu erf\u00fcllen.<br \/>\nWenn ihr also eines Tages neue Schuhe, einen Turnbeutel, ein Lineal oder warme Handschuhe geschenkt bekommt, wundert euch nicht \u2026 wahrscheinlich war ich das.<br \/>\nIhr k\u00f6nnt mir sehr gerne schreiben oder auch etwas malen und in einen der beiden Briefk\u00e4sten werfen.<br \/>\nIn den Schulh\u00e4usern hat Herr Weihmayr echte Wichtelbriefk\u00e4sten f\u00fcr mich aufgeh\u00e4ngt.<\/p>\n<p>Dein Wicht<img loading=\"lazy\" decoding=\"async\" class=\"alignleft size-full wp-image-785\" src=\"http:\/\/wittelsbacher-gs.de\/wp-content\/uploads\/2016\/02\/image001.png\" alt=\"image001\" width=\"85\" height=\"159\"><\/p>\n<p><a href=\"http:\/\/wittelsbacher-gs.de\/?page_id=28\">&lt;&lt;&lt; zur\u00fcck<\/a><\/p>\n","protected":false},"excerpt":{"rendered":"<p>Schon seit mehreren Jahren wohne ich auf dem Dachboden in dieser riesigen Schule. Es ist voll sch\u00f6n da oben, ein bisschen zugig vielleicht. Ich bin sehr sch\u00fcchtern<\/p>\n","protected":false},"author":1,"featured_media":1124,"parent":5201,"menu_order":4,"comment_status":"closed","ping_status":"closed","template":"","meta":{"footnotes":""},"class_list":["post-778","page","type-page","status-publish","has-post-thumbnail","hentry","","tg-column-third"],"_links":{"self":[{"href":"https:\/\/wittelsbacher-gs.de\/index.php?rest_route=\/wp\/v2\/pages\/778"}],"collection":[{"href":"https:\/\/wittelsbacher-gs.de\/index.php?rest_route=\/wp\/v2\/pages"}],"about":[{"href":"https:\/\/wittelsbacher-gs.de\/index.php?rest_route=\/wp\/v2\/types\/page"}],"author":[{"embeddable":true,"href":"https:\/\/wittelsbacher-gs.de\/index.php?rest_route=\/wp\/v2\/users\/1"}],"replies":[{"embeddable":true,"href":"https:\/\/wittelsbacher-gs.de\/index.php?rest_route=%2Fwp%2Fv2%2Fcomments&post=778"}],"version-history":[{"count":12,"href":"https:\/\/wittelsbacher-gs.de\/index.php?rest_route=\/wp\/v2\/pages\/778\/revisions"}],"predecessor-version":[{"id":4476,"href":"https:\/\/wittelsbacher-gs.de\/index.php?rest_route=\/wp\/v2\/pages\/778\/revisions\/4476"}],"up":[{"embeddable":true,"href":"https:\/\/wittelsbacher-gs.de\/index.php?rest_route=\/wp\/v2\/pages\/5201"}],"wp:featuredmedia":[{"embeddable":true,"href":"https:\/\/wittelsbacher-gs.de\/index.php?rest_route=\/wp\/v2\/media\/1124"}],"wp:attachment":[{"href":"https:\/\/wittelsbacher-gs.de\/index.php?rest_route=%2Fwp%2Fv2%2Fmedia&parent=778"}],"curies":[{"name":"wp","href":"https:\/\/api.w.org\/{rel}","templated":true}]}}