

{"id":5155,"date":"2026-01-07T13:55:11","date_gmt":"2026-01-07T12:55:11","guid":{"rendered":"https:\/\/wittelsbacher-gs.de\/?page_id=5155"},"modified":"2026-01-07T13:55:43","modified_gmt":"2026-01-07T12:55:43","slug":"weihnachtsbraeuche-in-aller-welt","status":"publish","type":"page","link":"https:\/\/wittelsbacher-gs.de\/?page_id=5155","title":{"rendered":"Weihnachtsbr\u00e4uche in aller Welt"},"content":{"rendered":"\n<p>In <strong>Australien<\/strong>, wie auch in anderen L\u00e4ndern gibt es den Essiggurkenbrauch.&nbsp; Man versteckt einen Essiggurkengurkenanh\u00e4nger am Christbaum. Wer ihn findet bekommt ein Extrageschenk.<\/p>\n\n\n\n<p>In <strong>Polen<\/strong> wird w\u00e4hrend der Adventszeit gefastet. Erst am Heiligen Abend wird das Fasten gebrochen.<\/p>\n\n\n\n<p>In <strong>Mexiko<\/strong> gibt es den \u201eLos Posados\u201c. Diese Feierlichkeiten beginnen ab dem 16. Dezember.<\/p>\n\n\n\n<p>Ganze neun Tage lang gehen Kinder Jugendliche und Familien von Haust\u00fcr zu Haust\u00fcr \u2013 wie Josef und Maria.<\/p>\n\n\n\n<p>In den meisten L\u00e4ndern gibt es Adventskr\u00e4nze, Adventkalender und Christb\u00e4ume und Co.<\/p>\n\n\n\n<p>In <strong>Italien<\/strong> gibt es am meisten Geschenke. Z.B. von Befana. Die Hexe bringt am 6. Januar die Geschenke. Am Abend von dem 6. Januar h\u00e4ngen die Kinder Str\u00fcmpfe aus.<\/p>\n\n\n\n<p>In <strong>Island<\/strong> gibt es 13 kleine Trolle, die die Geschenke bringen. Sie wohnen in einer H\u00f6hle.&nbsp;&nbsp;&nbsp;&nbsp;&nbsp;&nbsp;&nbsp;&nbsp;&nbsp;&nbsp; &nbsp;&nbsp;&nbsp;&nbsp;&nbsp;&nbsp;&nbsp;&nbsp;&nbsp;&nbsp;&nbsp;&nbsp;&nbsp;&nbsp;&nbsp;&nbsp;&nbsp;&nbsp;&nbsp;&nbsp;&nbsp;&nbsp;&nbsp;&nbsp;&nbsp;&nbsp;&nbsp;&nbsp;&nbsp;&nbsp;&nbsp;&nbsp;&nbsp;&nbsp;&nbsp;&nbsp;&nbsp;&nbsp;&nbsp;&nbsp;&nbsp;&nbsp;&nbsp;&nbsp;&nbsp;&nbsp;&nbsp;&nbsp;&nbsp;&nbsp;&nbsp;&nbsp;&nbsp;&nbsp;&nbsp;&nbsp;&nbsp;&nbsp;&nbsp;&nbsp;&nbsp;&nbsp;&nbsp;&nbsp;&nbsp;&nbsp;&nbsp;&nbsp;<\/p>\n\n\n\n<p>&nbsp;&nbsp;&nbsp;&nbsp;&nbsp; Anton 4b&nbsp;&nbsp;&nbsp;&nbsp;&nbsp;&nbsp;&nbsp;&nbsp;&nbsp;&nbsp;&nbsp;&nbsp;<\/p>\n","protected":false},"excerpt":{"rendered":"<p>In Australien, wie auch in anderen L\u00e4ndern gibt es den Essiggurkenbrauch.&nbsp; Man versteckt einen Essiggurkengurkenanh\u00e4nger am Christbaum. Wer ihn findet bekommt ein Extrageschenk. In Polen wird w\u00e4hrend<\/p>\n","protected":false},"author":4,"featured_media":0,"parent":5136,"menu_order":0,"comment_status":"closed","ping_status":"closed","template":"","meta":{"footnotes":""},"class_list":["post-5155","page","type-page","status-publish","hentry","","tg-column-third"],"_links":{"self":[{"href":"https:\/\/wittelsbacher-gs.de\/index.php?rest_route=\/wp\/v2\/pages\/5155"}],"collection":[{"href":"https:\/\/wittelsbacher-gs.de\/index.php?rest_route=\/wp\/v2\/pages"}],"about":[{"href":"https:\/\/wittelsbacher-gs.de\/index.php?rest_route=\/wp\/v2\/types\/page"}],"author":[{"embeddable":true,"href":"https:\/\/wittelsbacher-gs.de\/index.php?rest_route=\/wp\/v2\/users\/4"}],"replies":[{"embeddable":true,"href":"https:\/\/wittelsbacher-gs.de\/index.php?rest_route=%2Fwp%2Fv2%2Fcomments&post=5155"}],"version-history":[{"count":2,"href":"https:\/\/wittelsbacher-gs.de\/index.php?rest_route=\/wp\/v2\/pages\/5155\/revisions"}],"predecessor-version":[{"id":5157,"href":"https:\/\/wittelsbacher-gs.de\/index.php?rest_route=\/wp\/v2\/pages\/5155\/revisions\/5157"}],"up":[{"embeddable":true,"href":"https:\/\/wittelsbacher-gs.de\/index.php?rest_route=\/wp\/v2\/pages\/5136"}],"wp:attachment":[{"href":"https:\/\/wittelsbacher-gs.de\/index.php?rest_route=%2Fwp%2Fv2%2Fmedia&parent=5155"}],"curies":[{"name":"wp","href":"https:\/\/api.w.org\/{rel}","templated":true}]}}