

{"id":4218,"date":"2023-04-24T14:21:32","date_gmt":"2023-04-24T12:21:32","guid":{"rendered":"https:\/\/wittelsbacher-gs.de\/?page_id=4218"},"modified":"2026-01-20T21:36:55","modified_gmt":"2026-01-20T20:36:55","slug":"fruehstueck-fuer-kinder","status":"publish","type":"page","link":"https:\/\/wittelsbacher-gs.de\/?page_id=4218","title":{"rendered":"Fr\u00fchst\u00fcck f\u00fcr Kinder"},"content":{"rendered":"\n<p>Gemeinsam mit brotZeit e.V. bieten wir an unserer Schule unseren Sch\u00fclerinnen und Sch\u00fclern ein Fr\u00fchst\u00fcck in der Schule an. Jedes Kind darf t\u00e4glich von 7.15 Uhr bis 7.40 Uhr bei uns an der Schule kostenlos fr\u00fchst\u00fccken! Den Kindern steht ein reichhaltiges Fr\u00fchst\u00fccksbuffet mit Brot, M\u00fcsli, Joghurt, Obst und vielen anderen leckeren Sachen zur Verf\u00fcgung. <\/p>\n\n\n\n<p>Es ist keine Anmeldung n\u00f6tig und Ihr Kind darf an den Tagen kommen, an denen es m\u00f6chte (7.15 Uhr bis 7.40 Uhr).<\/p>\n\n\n\n<p>An dieser Stelle bedanken wir uns sehr herzlich f\u00fcr das enorme finanzielle Engagement von brotZeit e.V. und bei allen \u201ehelfenden H\u00e4nden\u201c.<\/p>\n\n\n\n<p>In den logo! \u2013 Kindernachrichten vom 14.04.2023 wird das Projekt ebenfalls vorgestellt:<\/p>\n\n\n\n<p><a href=\"https:\/\/www.zdf.de\/kinder\/logo\/logo-vom-freitag-14-april-2023-100.html\">logo! am Freitag, 14.04.2023 &#8211; Nachrichten, einfach erkl\u00e4rt &#8211; ZDFtivi<\/a><\/p>\n\n\n\n<p><em>\u201eF\u00fcr schulischen Erfolg entscheidend ist unter anderem der gelungene Start in den Tag. Die Schulkinder kommen gerne fr\u00fcher in die Schule, um das Fr\u00fchst\u00fccksbuffet zu genie\u00dfen und sich mit den anderen Kindern und den Senioren auszutauschen. Sie w\u00e4hlen aus einem reichhaltigen Angebot, stellen sich ihren Teller selbst zusammen und werden durch das Fr\u00fchst\u00fcck fit f\u00fcr den anstrengenden Schultag.\u201c [<a href=\"http:\/\/www.brotzeitfuerkinder.de\/\">www.brotzeitfuerkinder.de<\/a>]<\/em><\/p>\n","protected":false},"excerpt":{"rendered":"<p>Gemeinsam mit brotZeit e.V. bieten wir an unserer Schule unseren Sch\u00fclerinnen und Sch\u00fclern ein Fr\u00fchst\u00fcck in der Schule an. Jedes Kind darf t\u00e4glich von 7.15 Uhr bis<\/p>\n","protected":false},"author":4,"featured_media":5011,"parent":5208,"menu_order":1,"comment_status":"closed","ping_status":"closed","template":"","meta":{"footnotes":""},"class_list":["post-4218","page","type-page","status-publish","has-post-thumbnail","hentry","","tg-column-third"],"_links":{"self":[{"href":"https:\/\/wittelsbacher-gs.de\/index.php?rest_route=\/wp\/v2\/pages\/4218"}],"collection":[{"href":"https:\/\/wittelsbacher-gs.de\/index.php?rest_route=\/wp\/v2\/pages"}],"about":[{"href":"https:\/\/wittelsbacher-gs.de\/index.php?rest_route=\/wp\/v2\/types\/page"}],"author":[{"embeddable":true,"href":"https:\/\/wittelsbacher-gs.de\/index.php?rest_route=\/wp\/v2\/users\/4"}],"replies":[{"embeddable":true,"href":"https:\/\/wittelsbacher-gs.de\/index.php?rest_route=%2Fwp%2Fv2%2Fcomments&post=4218"}],"version-history":[{"count":2,"href":"https:\/\/wittelsbacher-gs.de\/index.php?rest_route=\/wp\/v2\/pages\/4218\/revisions"}],"predecessor-version":[{"id":5019,"href":"https:\/\/wittelsbacher-gs.de\/index.php?rest_route=\/wp\/v2\/pages\/4218\/revisions\/5019"}],"up":[{"embeddable":true,"href":"https:\/\/wittelsbacher-gs.de\/index.php?rest_route=\/wp\/v2\/pages\/5208"}],"wp:featuredmedia":[{"embeddable":true,"href":"https:\/\/wittelsbacher-gs.de\/index.php?rest_route=\/wp\/v2\/media\/5011"}],"wp:attachment":[{"href":"https:\/\/wittelsbacher-gs.de\/index.php?rest_route=%2Fwp%2Fv2%2Fmedia&parent=4218"}],"curies":[{"name":"wp","href":"https:\/\/api.w.org\/{rel}","templated":true}]}}