

{"id":4188,"date":"2023-03-20T13:28:37","date_gmt":"2023-03-20T12:28:37","guid":{"rendered":"https:\/\/wittelsbacher-gs.de\/?page_id=4188"},"modified":"2026-03-31T14:42:10","modified_gmt":"2026-03-31T12:42:10","slug":"kaenguru-wettberwerb-2023","status":"publish","type":"page","link":"https:\/\/wittelsbacher-gs.de\/?page_id=4188","title":{"rendered":"K\u00e4nguru-Wettbewerb 2026"},"content":{"rendered":"\n<p><em>Am 19. M\u00e4rz fand bundesweit der K\u00e4nguru-Wettbewerb der Mathematik zum Rechnen, Knobeln und Nachdenken statt.<\/em><\/p>\n\n\n\n<p><em>An unserer Schule haben 77 Kinder aus den 3. und 4. Klassen teilgenommen \u2013 so viele wie noch nie! &nbsp;<\/em><\/p>\n\n\n\n<p><em>Wer einen Blick in die Mensa werfen konnte, sah, wie f\u00f6rmlich die K\u00f6pfe rauchten, um auch die ein oder andere sehr knifflige Aufgabe zu l\u00f6sen.<\/em><\/p>\n\n\n\n<p><em>Nun hei\u00dft es abwarten, bis die Ergebnisse bis sp\u00e4testens Ende Mai kommen.<\/em><\/p>\n\n\n\n<p><em>Alle die mitgemacht und sich durchgebissen haben, k\u00f6nnen jetzt schon stolz auf sich sein!<\/em><\/p>\n\n\n\n<figure class=\"wp-block-image size-large\"><a href=\"https:\/\/wittelsbacher-gs.de\/wp-content\/uploads\/2026\/03\/artijk-scaled.jpeg\"><img loading=\"lazy\" decoding=\"async\" width=\"1024\" height=\"768\" src=\"https:\/\/wittelsbacher-gs.de\/wp-content\/uploads\/2026\/03\/artijk-1024x768.jpeg\" alt=\"\" class=\"wp-image-5371\" srcset=\"https:\/\/wittelsbacher-gs.de\/wp-content\/uploads\/2026\/03\/artijk-1024x768.jpeg 1024w, https:\/\/wittelsbacher-gs.de\/wp-content\/uploads\/2026\/03\/artijk-300x225.jpeg 300w, https:\/\/wittelsbacher-gs.de\/wp-content\/uploads\/2026\/03\/artijk-768x576.jpeg 768w, https:\/\/wittelsbacher-gs.de\/wp-content\/uploads\/2026\/03\/artijk-1536x1152.jpeg 1536w, https:\/\/wittelsbacher-gs.de\/wp-content\/uploads\/2026\/03\/artijk-2048x1536.jpeg 2048w\" sizes=\"(max-width: 1024px) 100vw, 1024px\" \/><\/a><\/figure>\n","protected":false},"excerpt":{"rendered":"<p>Am 19. M\u00e4rz fand bundesweit der K\u00e4nguru-Wettbewerb der Mathematik zum Rechnen, Knobeln und Nachdenken statt. An unserer Schule haben 77 Kinder aus den 3. und 4. Klassen<\/p>\n","protected":false},"author":4,"featured_media":5374,"parent":5194,"menu_order":2,"comment_status":"closed","ping_status":"closed","template":"","meta":{"footnotes":""},"class_list":["post-4188","page","type-page","status-publish","has-post-thumbnail","hentry","","tg-column-third"],"_links":{"self":[{"href":"https:\/\/wittelsbacher-gs.de\/index.php?rest_route=\/wp\/v2\/pages\/4188"}],"collection":[{"href":"https:\/\/wittelsbacher-gs.de\/index.php?rest_route=\/wp\/v2\/pages"}],"about":[{"href":"https:\/\/wittelsbacher-gs.de\/index.php?rest_route=\/wp\/v2\/types\/page"}],"author":[{"embeddable":true,"href":"https:\/\/wittelsbacher-gs.de\/index.php?rest_route=\/wp\/v2\/users\/4"}],"replies":[{"embeddable":true,"href":"https:\/\/wittelsbacher-gs.de\/index.php?rest_route=%2Fwp%2Fv2%2Fcomments&post=4188"}],"version-history":[{"count":4,"href":"https:\/\/wittelsbacher-gs.de\/index.php?rest_route=\/wp\/v2\/pages\/4188\/revisions"}],"predecessor-version":[{"id":5375,"href":"https:\/\/wittelsbacher-gs.de\/index.php?rest_route=\/wp\/v2\/pages\/4188\/revisions\/5375"}],"up":[{"embeddable":true,"href":"https:\/\/wittelsbacher-gs.de\/index.php?rest_route=\/wp\/v2\/pages\/5194"}],"wp:featuredmedia":[{"embeddable":true,"href":"https:\/\/wittelsbacher-gs.de\/index.php?rest_route=\/wp\/v2\/media\/5374"}],"wp:attachment":[{"href":"https:\/\/wittelsbacher-gs.de\/index.php?rest_route=%2Fwp%2Fv2%2Fmedia&parent=4188"}],"curies":[{"name":"wp","href":"https:\/\/api.w.org\/{rel}","templated":true}]}}

Känguru-Wettbewerb 2026

<p><em>Am 19. März fand bundesweit der Känguru-Wettbewerb der Mathematik zum Rechnen, Knobeln und Nachdenken statt.</em></p>



<p><em>An unserer Schule haben 77 Kinder aus den 3. und 4. Klassen teilgenommen – so viele wie noch nie! &nbsp;</em></p>



<p><em>Wer einen Blick in die Mensa werfen konnte, sah, wie förmlich die Köpfe rauchten, um auch die ein oder andere sehr knifflige Aufgabe zu lösen.</em></p>



<p><em>Nun heißt es abwarten, bis die Ergebnisse bis spätestens Ende Mai kommen.</em></p>



<p><em>Alle die mitgemacht und sich durchgebissen haben, können jetzt schon stolz auf sich sein!</em></p>



<figure class="wp-block-image size-large"><a href="https://wittelsbacher-gs.de/wp-content/uploads/2026/03/artijk-scaled.jpeg"><img loading="lazy" decoding="async" width="1024" height="768" src="https://wittelsbacher-gs.de/wp-content/uploads/2026/03/artijk-1024x768.jpeg" alt="" class="wp-image-5371" srcset="https://wittelsbacher-gs.de/wp-content/uploads/2026/03/artijk-1024x768.jpeg 1024w, https://wittelsbacher-gs.de/wp-content/uploads/2026/03/artijk-300x225.jpeg 300w, https://wittelsbacher-gs.de/wp-content/uploads/2026/03/artijk-768x576.jpeg 768w, https://wittelsbacher-gs.de/wp-content/uploads/2026/03/artijk-1536x1152.jpeg 1536w, https://wittelsbacher-gs.de/wp-content/uploads/2026/03/artijk-2048x1536.jpeg 2048w" sizes="(max-width: 1024px) 100vw, 1024px" /></a></figure>

<p>Am 19. März fand bundesweit der Känguru-Wettbewerb der Mathematik zum Rechnen, Knobeln und Nachdenken statt. An unserer Schule haben 77 Kinder aus den 3. und 4. Klassen</p>
