

{"id":2773,"date":"2020-06-18T16:51:10","date_gmt":"2020-06-18T14:51:10","guid":{"rendered":"http:\/\/wittelsbacher-gs.de\/?page_id=2773"},"modified":"2024-05-10T11:48:51","modified_gmt":"2024-05-10T09:48:51","slug":"dlrg-schulsiegel-2020","status":"publish","type":"page","link":"https:\/\/wittelsbacher-gs.de\/?page_id=2773","title":{"rendered":"DLRG Schulsiegel 2020"},"content":{"rendered":"<p>F\u00fcr die vorbildliche Arbeit in der Schwimmschulausbildung haben wir das DLRG-Schulsiegel 2020 erhalten!<\/p>\n<p>Dazu gratulieren wir herzlich und bedanken uns bei all den Lehrkr\u00e4ften, die sich f\u00fcr den Schwimmunterricht einsetzten und diesen erm\u00f6glichen, f\u00fcr das tolle Engagement!<\/p>\n<p>Vielen Dank! \ud83d\udc90<\/p>\n<p>Weitere Infos zum DLRG-Schulsiegel unter:&nbsp;<a href=\"http:\/\/wittelsbacher-gs.de\/wp-content\/uploads\/2020\/02\/2020-06-17-14-59.pdf\">2020-06-17-14-59<\/a><\/p>\n","protected":false},"excerpt":{"rendered":"<p>F\u00fcr die vorbildliche Arbeit in der Schwimmschulausbildung haben wir das DLRG-Schulsiegel 2020 erhalten! Dazu gratulieren wir herzlich und bedanken uns bei all den Lehrkr\u00e4ften, die sich f\u00fcr<\/p>\n","protected":false},"author":4,"featured_media":2774,"parent":4645,"menu_order":3,"comment_status":"closed","ping_status":"closed","template":"","meta":{"footnotes":""},"class_list":["post-2773","page","type-page","status-publish","has-post-thumbnail","hentry","","tg-column-third"],"_links":{"self":[{"href":"https:\/\/wittelsbacher-gs.de\/index.php?rest_route=\/wp\/v2\/pages\/2773"}],"collection":[{"href":"https:\/\/wittelsbacher-gs.de\/index.php?rest_route=\/wp\/v2\/pages"}],"about":[{"href":"https:\/\/wittelsbacher-gs.de\/index.php?rest_route=\/wp\/v2\/types\/page"}],"author":[{"embeddable":true,"href":"https:\/\/wittelsbacher-gs.de\/index.php?rest_route=\/wp\/v2\/users\/4"}],"replies":[{"embeddable":true,"href":"https:\/\/wittelsbacher-gs.de\/index.php?rest_route=%2Fwp%2Fv2%2Fcomments&post=2773"}],"version-history":[{"count":2,"href":"https:\/\/wittelsbacher-gs.de\/index.php?rest_route=\/wp\/v2\/pages\/2773\/revisions"}],"predecessor-version":[{"id":3452,"href":"https:\/\/wittelsbacher-gs.de\/index.php?rest_route=\/wp\/v2\/pages\/2773\/revisions\/3452"}],"up":[{"embeddable":true,"href":"https:\/\/wittelsbacher-gs.de\/index.php?rest_route=\/wp\/v2\/pages\/4645"}],"wp:featuredmedia":[{"embeddable":true,"href":"https:\/\/wittelsbacher-gs.de\/index.php?rest_route=\/wp\/v2\/media\/2774"}],"wp:attachment":[{"href":"https:\/\/wittelsbacher-gs.de\/index.php?rest_route=%2Fwp%2Fv2%2Fmedia&parent=2773"}],"curies":[{"name":"wp","href":"https:\/\/api.w.org\/{rel}","templated":true}]}}